inder when 1229 is divided by 604.
21
What is the remainder when 103641 is divided by 7?
6
What is the remainder when 183874 is divided by 308?
306
Calculate the remainder when 5020 is divided by 4935.
85
Calculate the remainder when 59130 is divided by 2365.
5
What is the remainder when 49396 is divided by 91?
74
What is the remainder when 494 is divided by 12?
2
What is the remainder when 528 is divided by 290?
238
What is the remainder when 6872 is divided by 1051?
566
What is the remainder when 8553 is divided by 274?
59
Calculate the remainder when 14953 is divided by 110.
103
Calculate the remainder when 5728 is divided by 251.
206
Calculate the remainder when 688616 is divided by 138.
134
What is the remainder when 2172 is divided by 91?
79
Calculate the remainder when 85163 is divided by 11.
1
Calculate the remainder when 30230 is divided by 15106.
18
Calculate the remainder when 4595 is divided by 2270.
55
Calculate the remainder when 5207 is divided by 1177.
499
What is the remainder when 8643 is divided by 8256?
387
Calculate the remainder when 107631 is divided by 875.
6
Calculate the remainder when 630481 is divided by 478.
477
Calculate the remainder when 14366 is divided by 1687.
870
Calculate the remainder when 57879 is divided by 499.
494
What is the remainder when 12981 is divided by 1851?
24
Calculate the remainder when 3640 is divided by 233.
145
Calculate the remainder when 63907 is divided by 10640.
67
What is the remainder when 3326 is divided by 15?
11
Calculate the remainder when 3059 is divided by 235.
4
Calculate the remainder when 12668 is divided by 4216.
20
Calculate the remainder when 55865 is divided by 511.
166
What is the remainder when 68051 is divided by 68039?
12
Calculate the remainder when 7201 is divided by 27.
19
What is the remainder when 42938 is divided by 67?
58
What is the remainder when 20745 is divided by 593?
583
What is the remainder when 6901 is divided by 1724?
5
What is the remainder when 100032 is divided by 50007?
18
What is the remainder when 81442 is divided by 18?
10
What is the remainder when 7362 is divided by 542?
316
What is the remainder when 5428 is divided by 234?
46
Calculate the remainder when 63827 is divided by 56.
43
What is the remainder when 23140 is divided by 14?
12
Calculate the remainder when 1862 is divided by 9.
8
What is the remainder when 60868 is divided by 52?
28
Calculate the remainder when 20109 is divided by 1253.
61
What is the remainder when 15865 is divided by 1759?
34
Calculate the remainder when 41586 is divided by 67.
46
What is the remainder when 65031 is divided by 1066?
5
Calculate the remainder when 20616 is divided by 6565.
921
What is the remainder when 865 is divided by 115?
60
Calculate the remainder when 6728 is divided by 1119.
14
Calculate the remainder when 10310 is divided by 68.
42
What is the remainder when 32494 is divided by 10830?
4
What is the remainder when 4317 is divided by 16?
13
Calculate the remainder when 406827 is divided by 142.
139
Calculate the remainder when 210712 is divided by 87.
85
Calculate the remainder when 64805 is divided by 953.
1
Calculate the remainder when 369682 is divided by 2137.
2118
What is the remainder when 13108 is divided by 14?
4
Calculate the remainder when 3467 is divided by 3317.
150
What is the remainder when 14124 is divided by 370?
64
What is the remainder when 2345 is divided by 861?
623
What is the remainder when 8052285 is divided by 17?
14
Calculate the remainder when 46362 is divided by 6620.
22
What is the remainder when 581876 is divided by 10?
6
Calculate the remainder when 2813 is divided by 578.
501
Calculate the remainder when 2199196 is divided by 1001.
1000
Calculate the remainder when 44002 is divided by 386.
384
What is the remainder when 522291 is divided by 148?
147
What is the remainder when 4572 is divided by 49?
15
What is the remainder when 15648 is divided by 4980?
708
Calculate the remainder when 151902 is divided by 183.
12
What is the remainder when 150532 is divided by 385?
382
Calculate the remainder when 19946 is divided by 11.
3
What is the remainder when 5292283 is divided by 17?
13
Calculate the remainder when 34514 is divided by 55.
29
Calculate the remainder when 335 is divided by 233.
102
What is the remainder when 99913 is divided by 6660?
13
What is the remainder when 21870 is divided by 1822?
6
What is the remainder when 6555 is divided by 211?
14
What is the remainder when 10151 is divided by 1260?
71
Calculate the remainder when 28388 is divided by 1568.
164
What is the remainder when 19161 is divided by 110?
21
Calculate the remainder when 1247371 is divided by 415783.
22
What is the remainder when 7262 is divided by 2419?
5
Calculate the remainder when 3828 is divided by 17.
3
Calculate the remainder when 36466 is divided by 719.
516
Calculate the remainder when 2471 is divided by 47.
27
Calculate the remainder when 53575 is divided by 338.
171
What is the remainder when 19874 is divided by 6532?
278
What is the remainder when 1535 is divided by 90?
5
Calculate the remainder when 849 is divided by 401.
47
Calculate the remainder when 92236 is divided by 30676.
208
Calculate the remainder when 6932 is divided by 208.
68
What is the remainder when 2474 is divided by 1240?
1234
Calculate the remainder when 297178 is divided by 11887.
3
What is the remainder when 174378 is divided by 252?
246
What is the remainder when 10266 is divided by 214?
208
What is the remainder when 18814 is divided by 128?
126
What is the remainder when 30077 is divided by 188?
185
What is the remainder when 38193 is divided by 2937?
12
Calculate the remainder when 943279 is divided by 260.
259
Calculate the remainder when 4196 is divided by 25.
21
What is the remainder when 3290 is divided by 22?
12
Calculate the remainder when 11372349 is divided by 16.
13
Calculate the remainder when 187304 is divided by 172.
168
What is the remainder when 13481 is divided by 944?
265
Calculate the remainder when 16418 is divided by 224.
66
Calculate the remainder when 5082599 is divided by 1032.
1031
Calculate the remainder when 13815 is divided by 382.
63
What is the remainder when 91535 is divided by 33?
26
Calculate the remainder when 19837 is divided by 1399.
251
Calculate the remainder when 943037 is divided by 320.
317
What is the remainder when 14443 is divided by 424?
27
Calculate the remainder when 2173 is divided by 87.
85
Calculate the remainder when 754418 is divided by 63.
56
Calculate the remainder when 1036 is divided by 258.
4
Calculate the remainder when 9715 is divided by 5.
0
Calculate the remainder when 149202 is divided by 21295.
137
Calculate the remainder when 4970 is divided by 21.
14
Calculate the remainder when 2651 is divided by 197.
90
Calculate the remainder when 16629 is divided by 8301.
27
What is the remainder when 4366177 is divided by 35?
32
What is the remainder when 787 is divided by 65?
7
Calculate the remainder when 7234 is divided by 1222.
1124
What is the remainder when 117407 is divided by 295?
292
Calculate the remainder when 17931 is divided by 7.
4
Calculate the remainder when 1319 is divided by 1204.
115
Calculate the remainder when 13357 is divided by 10.
7
Calculate the remainder when 47546 is divided by 572.
70
Calculate the remainder when 252492 is divided by 1158.
48
What is the remainder when 84766 is divided by 1304?
6
What is the remainder when 15618 is divided by 10?
8
What is the remainder when 22243 is divided by 5547?
55
Calculate the remainder when 2485844 is divided by 555.
554
Calculate the remainder when 7675 is divided by 1773.
583
What is the remainder when 30486 is divided by 469?
1
Calculate the remainder when 154541 is divided by 13.
10
Calculate the remainder when 2114 is divided by 301.
7
What is the remainder when 2599 is divided by 738?
385
Calculate the remainder when 1626 is divided by 136.
130
What is the remainder when 7964 is divided by 92?
52
What is the remainder when 3118102 is divided by 72?
70
What is the remainder when 16253 is divided by 3250?
3
What is the remainder when 638153 is divided by 879?
878
Calculate the remainder when 75500 is divided by 60.
20
Calculate the remainder when 675550 is divided by 15.
1